s 56 (base 15) in base 9?
100
Convert -3 (base 15) to base 8.
-3
What is -311 (base 6) in base 14?
-83
Convert 1040 (base 5) to base 16.
91
-12 (base 4) to base 14
-6
Convert -8 (base 9) to base 7.
-11
Convert 106 (base 8) to base 6.
154
What is -209 (base 13) in base 14?
-1ab
3 (base 9) to base 10
3
-1001 (base 2) to base 13
-9
2 (base 11) to base 2
10
-e (base 16) to base 5
-24
104 (base 5) to base 11
27
What is 0 (base 3) in base 14?
0
Convert -81 (base 11) to base 14.
-65
Convert 10100100 (base 2) to base 4.
2210
Convert -313 (base 5) to base 11.
-76
What is -3302 (base 4) in base 11?
-200
Convert -8 (base 13) to base 11.
-8
Convert 30 (base 5) to base 16.
f
20 (base 3) to base 15
6
-1 (base 11) to base 8
-1
Convert 10 (base 13) to base 7.
16
What is 4 (base 10) in base 11?
4
0 (base 6) to base 16
0
Convert 221 (base 6) to base 13.
67
-5 (base 7) to base 3
-12
Convert 2 (base 16) to base 11.
2
4 (base 13) to base 15
4
0 (base 7) to base 6
0
29 (base 10) to base 5
104
Convert 13 (base 9) to base 5.
22
Convert 1 (base 9) to base 7.
1
What is 191 (base 13) in base 16?
11f
11 (base 2) to base 7
3
Convert -3 (base 5) to base 13.
-3
-2 (base 11) to base 10
-2
Convert -1 (base 9) to base 14.
-1
Convert -11 (base 2) to base 16.
-3
Convert -2a8 (base 12) to base 15.
-1cb
3 (base 11) to base 14
3
What is -121 (base 3) in base 15?
-11
Convert -4 (base 16) to base 9.
-4
Convert -7 (base 10) to base 2.
-111
Convert -6 (base 12) to base 11.
-6
What is 2 (base 7) in base 14?
2
Convert 47 (base 16) to base 9.
78
Convert 121 (base 6) to base 4.
301
1c (base 14) to base 13
20
1010 (base 2) to base 4
22
-3 (base 7) to base 15
-3
1 (base 12) to base 3
1
What is a (base 16) in base 14?
a
Convert 17 (base 11) to base 9.
20
1 (base 3) to base 12
1
What is 13 (base 7) in base 14?
a
27 (base 13) to base 10
33
Convert -101 (base 5) to base 3.
-222
What is 1111011 (base 2) in base 6?
323
Convert 21 (base 3) to base 9.
7
-206 (base 10) to base 4
-3032
-9 (base 15) to base 9
-10
Convert 0 (base 9) to base 6.
0
What is -202 (base 3) in base 10?
-20
3a (base 11) to base 5
133
-12 (base 4) to base 14
-6
What is -4 (base 8) in base 12?
-4
15 (base 16) to base 6
33
What is 11101 (base 2) in base 7?
41
Convert -1 (base 16) to base 7.
-1
Convert 85 (base 9) to base 6.
205
59 (base 13) to base 7
134
What is 3a (base 14) in base 2?
110100
-222 (base 8) to base 2
-10010010
Convert 28 (base 9) to base 6.
42
What is 0 (base 8) in base 3?
0
Convert 7 (base 16) to base 7.
10
Convert 1101 (base 2) to base 3.
111
2 (base 13) to base 6
2
Convert 6 (base 15) to base 16.
6
b (base 13) to base 4
23
Convert -166 (base 9) to base 10.
-141
-5 (base 6) to base 11
-5
Convert 2 (base 5) to base 3.
2
What is -9 (base 12) in base 3?
-100
Convert 12 (base 10) to base 8.
14
What is 41 (base 11) in base 9?
50
-2 (base 8) to base 9
-2
What is 133 (base 4) in base 13?
25
87 (base 11) to base 13
74
What is -1 (base 6) in base 3?
-1
Convert 3 (base 9) to base 11.
3
33 (base 11) to base 12
30
-13 (base 9) to base 6
-20
-2 (base 3) to base 15
-2
Convert 132 (base 4) to base 11.
28
What is 255 (base 6) in base 11?
98
b (base 15) to base 6
15
Convert 131 (base 5) to base 7.
56
0 (base 12) to base 5
0
-1321 (base 4) to base 10
-121
Convert -b (base 16) to base 10.
-11
Convert 2 (base 6) to base 16.
2
Convert 18 (base 15) to base 8.
27
112 (base 14) to base 12
158
What is 14 (base 13) in base 10?
17
-17 (base 10) to base 14
-13
What is -1 (base 7) in base 11?
-1
What is -131 (base 4) in base 15?
-1e
What is -20 (base 5) in base 15?
-a
Convert 25 (base 14) to base 3.
1020
Convert 12 (base 5) to base 12.
7
What is 8 (base 14) in base 4?
20
Convert -12 (base 15) to base 12.
-15
What is 115 (base 9) in base 5?
340
Convert 12 (base 5) to base 11.
7
What is -10010 (base 2) in base 8?
-22
1 (base 8) to base 2
1
4 (base 7) to base 10
4
-11 (base 2) to base 3
-10
Convert -4 (base 10) to base 14.
-4
Convert 24 (base 14) to base 10.
32
Convert 6 (base 12) to base 6.
10
Convert 4 (base 6) to base 11.
4
Convert 1 (base 6) to base 16.
1
Convert 7 (base 13) to base 7.
10
What is -8 (base 13) in base 11?
-8
Convert -2 (base 8) to base 10.
-2
Convert -264 (base 10) to base 16.
-108
1d (base 16) to base 10
29
-96 (base 13) to base 4
-1323
What is 107 (base 14) in base 16?
cb
Convert 11000101 (base 2) to base 3.
21022
-10 (base 2) to base 9
-2
-37 (base 8) to base 12
-27
Convert 2 (base 9) to base 4.
2
What is 5 (base 6) in base 15?
5
-a (base 11) to base 3
-101
Convert 1 (base 13) to base 15.
1
Convert -ab (base 12) to base 7.
-245
3 (base 15) to base 13
3
Convert 10 (base 8) to base 3.
22
What is 7a (base 15) in base 12?
97
What is 10 (base 2) in base 5?
2
Convert -2 (base 13) to base 15.
-2
Convert 1 (base 14) to base 5.
1
Convert -26 (base 14) to base 12.
-2a
-10 (base 2) to base 13
-2
What is 10101000 (base 2) in base 9?
206
What is -1 (base 12) in base 15?
-1
What is 1 (base 10) in base 8?
1
Convert 12 (base 7) to base 16.
9
Convert -2 (base 13) to base 8.
-2
-a (base 16) to base 12
-a
What is -218 (base 9) in base 16?
-b3
1110 (base 2) to base 8
16
Convert 101 (base 2) to base 11.
5
What is -8 (base 12) in base 15?
-8
-14 (base 7) to base 4
-23
What is -157 (base 8) in base 5?
-421
What is 19 (base 13) in base 5?
42
24 (base 14) to base 6
52
What is -3 (base 15) in base 4?
-3
-13 (base 10) to base 12
-11
11 (base 13) to base 7
20
Convert 11 (base 7) to base 12.
8
Convert -4 (base 7) to base 5.
-4
Convert 14 (base 5) to base 10.
9
What is 123 (base 11) in base 3?
12102
Convert 36 (base 8) to base 9.
33
Convert 0 (base 3) to base 14.
0
32 (base 5) to base 6
25
Convert b4 (base 15) to base 4.
2221
Convert -1003 (base 4) to base 7.
-124
Convert 13 (base 6) to base 10.
9
What is -3 (base 7) in base 8?
-3
What is 0 (base 8) in base 11?
0
-20 (base 4) to base 10
-8
Convert -32 (base 13) to base 3.
-1112
What is -103 (base 4) in base 3?
-201
Convert 10 (base 15) to base 12.
13
Convert -1 (base 3) to base 10.
-1
-11 (base 2) to base 4
-3
1 (base 16) to base 8
1
What is 201 (base 4) in base 12?
29
Convert 162 (base 13) to base 14.
13b
What is -14 (base 7) in base 4?
-23
Convert 88 (base 10) to base 9.
107
5 (base 12) to base 16
5
133 (base 9) to base 6
303
Convert 11 (base 2) to base 8.
3
What is 2010 (base 3) in base 13?
45
Convert 114 (base 7) to base 12.
50
What is -13 (base 10) in base 7?
-16
Convert 6 (base 10) to base 8.
6
What is -235 (base 9) in base 8?
-302
What is -20 (base 5) in base 13?
-a
-12a (base 12) to base 3
-20121
-52 (base 9) to base 13
-38
1 (base 6) to base 5
1
Convert 23 (base 15) to base 5.
113
What is 111 (base 3) in base 11?
12
-2 (base 12) to base 4
-2
1100 (base 5) to base 12
106
Convert -2 (base 14) to base 7.
-2
-28 (base 12) to base 15
-22
-10 (base 12) to base 4
-30
Convert 1012 (base 3) to base 13.
26
What is 1002 (base 3) in base 10?
29
What is -b (base 13) in base 10?
-11
What is 5 (base 8) in base 9?
5
What is -122 (base 3) in base 6?
-25
Convert -102 (base 3) to base 12.
-b
What is -10222 (base 3) in base 5?
-412
Convert 7 (base 13) to base 16.
7
2 (base 15) to base 10
2
What is 0 (base 11) in base 5?
0
What is 22 (base 3) in base 4?
20
What is -285 (base 9) in base 8?
-357
Convert -203 (base 4) to base 5.
-120
What is 1100000 (base 2) in base 3?
10120
What is -e6 (base 15) in base 8?
-330
Convert 21 (base 7) to base 5.
30
Convert -1 (base 14) to base 3.
-1
What is 10 (base 3) in base 6?
3
-6 (base 7) to base 9
-6
2 (base 15) to base 4
2
Convert -5 (base 6) to base 2.
-101
What is -203 (base 6) in base 8?
-113
1 (base 2) to base 14
1
Convert -3 (base 5) to base 6.
-3
What is a (base 13) in base 14?
a
What is -220 (base 3) in base 13?
-1b
What is 1a (base 13) in base 14?
19
-101 (base 4) to base 14
-13
Convert 0 (base 15) to base 6.
0
Convert -1202 (base 3) to base 16.
-2f
What is -1 (base 6) in base 8?
-1
Convert -324 (base 5) to base 2.
-1011001
2 (base 13) to base 6
2
What is -23 (base 8) in base 10?
-19
What is -100 (base 2) in base 14?
-4
-3 (base 4) to base 12
-3
-11 (base 3) to base 12
-4
What is -38 (base 12) in base 4?
-230
20 (base 3) to base 13
6
What is -1 (base 12) in base 4?
-1
215 (base 8) to base 4
2031
What is -c1 (base 16) in base 12?
-141
What is 10 (base 2) in base 7?
2